f f(j)?
7
Let t(i) = 2*i + i + 0*i - i. What is the tens digit of t(11)?
2
Let b(t) = t - 2. Suppose -13 = -4*g + 11. Let k be b(g). Let i = k + -2. What is the units digit of i?
2
Suppose -2*j + 4 = -5*d + 2, 4*d = -3*j + 3. Suppose -4*m + 2*m + 16 = d. Suppose m = s - 9. What is the units digit of s?
7
Let c(n) = 5. Let y(f) = f + 16. Let a(l) = -8*c(l) + 3*y(l). What is the tens digit of a(6)?
2
Suppose -4*l = 4*c - 136, -3*c - 78 = l - 3*l. What is the units digit of l?
6
Let n = 106 + -18. What is the units digit of n?
8
Suppose 3*z + x = 35, -2*z + 3*x = z - 51. What is the tens digit of z?
1
What is the units digit of (128 - -1)*4/12?
3
Suppose 2*i + 0*i = 5*a + 32, 5*a = -4*i + 64. What is the units digit of i?
6
What is the units digit of (1 + -18)/(-4 + 3)?
7
Let w(a) = 14*a + 19. What is the units digit of w(3)?
1
What is the units digit of 1 - ((-3 + 0 - -7) + -124)?
1
Let c be 60/10*(-1)/(-3). Suppose 0 = -4*w - 20, 0*m + c*m - 15 = -w. What is the tens digit of m?
1
Suppose 0*x = -4*x + 516. What is the units digit of x?
9
Suppose 0 = -4*q - 4, 11 = 2*i - q - 2*q. Suppose -i*g - 8 = -5*g. Let p = -6 + g. What is the units digit of p?
2
Let t = -2 + 7. Suppose t = 3*p - 10. Suppose -25 = -p*c, 24 - 3 = 4*k + c. What is the units digit of k?
4
Suppose 5*t = -5*f - 0*f + 235, t = 5*f + 29. Let g = t - 10. What is the units digit of g?
4
Let b = 1 - -2. Suppose 7 = b*i + 4. What is the units digit of i?
1
Suppose 0 = 2*o - 5*o - 63. Let c = 31 + o. What is the tens digit of c?
1
Suppose 4*q + 4*o - 1268 = 0, q + 2*o = -0*q + 315. What is the units digit of q?
9
Let a(k) = k**2 + 8*k + 10. Let x be a(-7). Suppose 36 = -x*t - t. What is the units digit of t/1*(1 + -2)?
9
Suppose -5*v + 276 = -s, -2*s = -2*v + 3*v - 64. Suppose 0 = 5*n - 2*n - 12. Suppose n*y + 20 = v. What is the units digit of y?
9
Suppose -2*k - k = -36. Suppose -2*w + 0*w = -2*c - k, -4 = -c - w. What is the units digit of c/((-2)/6) + -2?
1
Let k = 134 + -79. What is the units digit of k?
5
Let g(a) = a**3 + 10*a**2 - 6. Let c be g(-10). What is the units digit of ((-6)/(-15))/(c/(-15))?
1
Let u(d) = -d**3 + 4*d**2 + 2*d - 6. Let p be u(4). Suppose -p*q + 12 = o + 3*o, 2 = o. Suppose 45 = j + q*j. What is the tens digit of j?
1
Let z be ((-90)/(-24))/((-1)/12). Let h = 92 + z. What is the units digit of h?
7
Suppose -3*m = -4*l + 30, 37 = -2*l + 5*l + 5*m. What is the units digit of l?
9
Suppose 0 = -2*c - 2*g + 168, 0 = -3*c - g + 328 - 86. What is the units digit of c?
9
What is the units digit of 2163/(-28)*12/(-9)?
3
Let m = 2 - -3. Suppose -5*z + 2*l = -60, -2*z = -m*z + 5*l + 36. What is the tens digit of z?
1
What is the units digit of (70/(-28))/((-5)/12)?
6
Let j(z) = 9*z - 15. What is the units digit of j(9)?
6
Suppose 6*i = 3*i + 126. What is the units digit of 1*i/(-8)*-4?
1
Let n be 1/(-2)*1*-4. Suppose -2*r - b + 0 = -6, 2*r = 2*b. Suppose 3*g - r = 2*t - 3, -25 = -5*g - n*t. What is the units digit of g?
3
Let b(o) = -o**2 - 8*o + 10. Let a be b(-9). Let y be (-2 + a - 1)*-4. Let t = y + -5. What is the units digit of t?
3
Let i be 0/(-2)*-1 - 1. Let o(b) = 5*b**2 - 2*b - 1. What is the units digit of o(i)?
6
Let p(f) be the first derivative of 3*f**2/2 - 7*f - 2. Let n = 16 + -10. What is the tens digit of p(n)?
1
Let p be ((-2)/(-3))/((-2)/3). What is the units digit of p/(-2) + 225/6?
8
Let i = -38 - -59. What is the tens digit of i?
2
Suppose -b = 3*v - 20 + 1, -4*b + 4*v - 4 = 0. Suppose -40 = -3*u + l + 4*l, -3*l - 35 = -b*u. What is the units digit of u?
5
Let t(y) = -2*y - 7. Let p be t(-5). Suppose p + 10 = q. What is the units digit of q?
3
Suppose 4*m = -0*m + 48. Suppose -2*x + x + m = 0. What is the units digit of x?
2
Let y(f) = f**3 + f**2 - f + 18. Let g(k) = -k - 4. Let t be g(-4). What is the units digit of y(t)?
8
Let k be 532/8 - 6/4. Suppose 0*j - 5*j = -k. What is the tens digit of j?
1
Let u(w) be the second derivative of w**5/20 + w**4/12 + 3*w**2/2 - w. Let l be u(0). What is the units digit of 5/3*l - 2?
3
Suppose 0 = -5*v + g + 1142, -v + 275 = 2*g + 40. What is the hundreds digit of v?
2
Suppose -2*u - 3*u - 4*j + 256 = 0, 3*u - 4*j = 128. What is the units digit of u?
8
Let a = 15 + -11. Suppose 2*z = -c + 4, 1 = -a*z + c + 15. Suppose 0 = z*t - 28 + 4. What is the units digit of t?
8
Suppose 2*s = -2*d - 26, -2*s - 17 = d + 1. Let c = 7 + d. What is the units digit of (-16*1/c)/1?
6
Suppose 81 = 4*l + 3*z, 4*z = -2*l + 1 + 47. What is the tens digit of l?
1
Suppose 50 = 7*a - 2*a. What is the tens digit of (25/a)/((-1)/(-14))?
3
Let g be (-42)/(-8) + 2/(-8). Suppose v - g - 2 = 0. Suppose -36 = -5*x - 2*y, v*y - 3*y - 32 = -5*x. What is the units digit of x?
8
Let u be (-1 - -2)/(4 + -3). Let l = 2 - 0. Suppose -g - 30 = -5*p, u = -l*p + 5*g - 2*g. What is the units digit of p?
7
Let h(z) be the second derivative of z**6/180 - z**5/24 - z**4/12 - 3*z. Let t(c) be the third derivative of h(c). What is the tens digit of t(4)?
1
Let f(i) = 2*i**2. Let w be f(2). Suppose -3*x = x - w. What is the units digit of (-1)/(-2)*x + 6?
7
Let s(h) = 2 + h**2 + 8 - 5*h + 4*h. Let k be s(0). Suppose v + 5*w = 9, -2*v + 5*w + 8 = -k. What is the units digit of v?
9
Suppose 24 = 2*j + 2*k + k, 5*k = 0. What is the tens digit of j?
1
Let p(d) = 2*d**3 - 5*d**2 - 5*d - 3. What is the hundreds digit of p(6)?
2
Let p = -21 + 28. What is the units digit of p?
7
Suppose v = 1, -5*g - 5*v + 20 = -0*g. Suppose -2*q + 6*q = d + 19, -q = -g*d + 9. Let y = 3 + q. What is the units digit of y?
9
Suppose -4*k + 98 = -2*c, 7*k - 81 = 4*k + 4*c. What is the units digit of k?
3
Let c be 4/6 + (-65)/3. Suppose -3*u - 24 = -111. Let t = u + c. What is the units digit of t?
8
Let s = 3 - -2. Suppose -2*n = -3*t + 103, -2*t - s*n + 47 = -2*n. What is the units digit of t?
1
Let f be (-23)/(-1) - (-3 + 5). Let b = f - 20. What is the units digit of b?
1
Let c(a) = -a**2 - 10*a - 13. Let o be c(-11). Let q = o + 55. What is the units digit of q?
1
Let w = -2 + 2. Suppose -5*t + w*t = -25. Suppose 0 = -t*y + 24 + 11. What is the units digit of y?
7
Suppose 11*b = 14*b - 300. What is the tens digit of b?
0
Let h(q) = 62*q. What is the tens digit of h(1)?
6
Let u(h) = h**3 + 16*h**2 - 8*h + 13. What is the units digit of u(-16)?
1
Let g(p) = p**2 - 6*p - 3. Let b be g(8). Let s be b/3 + (-4)/12. Suppose 31 = s*d - 37. What is the units digit of d?
7
Suppose -5*s + x + 4*x + 40 = 0, 5*s = 3*x + 30. Suppose -2*w - s*w = -20. What is the units digit of w?
4
Let r = 21 - -30. Suppose 0 = 4*s - 7*s + r. What is the units digit of s?
7
Suppose u = 4, -i - u + 130 + 6 = 0. What is the tens digit of i?
3
Suppose x - 7 + 3 = 0. Suppose 0 = -4*n + 12 - x. Suppose 0 = -3*z - 3, -n*v + 6*v + 4*z = 12. What is the units digit of v?
4
Let d(k) = 75*k - 39*k + 1 - 38*k + 3*k**2. Let w = -2 - -3. What is the units digit of d(w)?
2
Suppose -2*p + 2 = -14. What is the units digit of (-4)/(-16) - (-62)/p?
8
Suppose -2*b = -0*b + v + 22, b + v + 11 = 0. What is the tens digit of (-185)/b - (-16)/88?
1
Let c = 28 + -20. What is the tens digit of 68/3 - c/12?
2
Let n be (2/(-4))/((-1)/12). Suppose 2*z = -2*s + n, 12 + 0 = -4*s + 4*z. Suppose -3*w + 24 = -s*w. What is the units digit of w?
8
Let w = -24 - -42. Let h = 25 - w. What is the units digit of h?
7
Let u = 0 - -3. Suppose -2*l - u*l + 25 = 0. What is the units digit of l?
5
Suppose -25 - 17 = -3*o + 2*k, -k = -2*o + 29. Suppose -5*v = -v - o. Suppose s + 21 = v*s. What is the units digit of s?
7
Suppose -12*y + 16*y - 8 = 0. What is the units digit of y?
2
Suppose -4*c = 13 - 57. What is the tens digit of c?
1
Let k = 73 - 40. What is the tens digit of k?
3
Let a(y) = 2*y**2 - y - 7. Let d(z) = -z. Let r be d(-5). What is the units digit of a(r)?
8
Let l(v) = -2*v - 4. Let y be l(-3). Suppose 30 = 5*w - 4*p, -p - 5 = 5*w + y*p. Suppose q = -2, -w*s + 3*q - 5 = -3*s. What is the units digit of s?
1
Let n(s) = -s**2 + 10*s + 11. Let b be n(11). Suppose 4*i - 3*q = -b*i + 167, -3*q = 3*i - 99. What is the tens digit of i?
3
Suppose -3*m - z + 417 = 0, -5*m - z + 696 = z. What is the hundreds digit of m?
1
Let q = -19 + 22. Suppose -q*y = -2*y - 34. What is the tens digit of y?
3
Suppose -2*p + 13 - 5 = 0. Let t(l) = -l**3 +